-5 - 10*p**2 + 341*p - p**3 + 0*p**3 - 350*p. What is v(-9)?
-5
Let l(z) = -z**3 - 15*z**2 + 3. Let i be l(-15). Let n(x) = -2*x**2 + x + 4. Give n(i).
-11
Suppose -3*q = 2*q + 10. Let c be q*(1/2 + -3). Let d(i) = 3*i - 4. Determine d(c).
11
Let a(y) = 14*y**3 + 2*y**2 - 18*y + 1. Let z(r) = 5*r**3 + r**2 - 6*r. Let m(i) = 4*a(i) - 11*z(i). Calculate m(4).
-4
Let b(j) = j**3 + 4*j**2 - 4*j + 9. Let u be b(-5). Let l(d) = d**2 + d + 3. Give l(u).
23
Let o(v) = 1 + 2 - v - 29*v**2 + 30*v**2. What is o(0)?
3
Let s(a) = a**2 - 3*a - 19. Let c be s(6). Let h(b) = -5*b**2 - b. Determine h(c).
-4
Let z(w) be the third derivative of -w**5/60 + 7*w**3/6 + 2*w**2. Determine z(0).
7
Let n be (-3)/4*(-300)/45. Let w(i) = 10*i - 4. Let s(t) = 14*t - 1 - 4 - 3*t. Let f(o) = n*w(o) - 4*s(o). What is f(1)?
6
Let u(t) be the first derivative of 3*t**2/2 - 3*t - 1. Let f(a) = -a**3 + 4*a**2 - a - 2. Let p(x) = -x + 17. Let o be p(14). Let y be f(o). Determine u(y).
9
Suppose -2*q = 2*n - 18, 3*q - n = -q + 16. Suppose q*c - 6 = 2*c. Let b(i) = 3*i**2 - i + 1. Calculate b(c).
11
Let q(k) = k**3 - k**2 + 2*k + 2. Let p be q(-1). Let z(t) = t**2 + 4*t + 2. Determine z(p).
-2
Let b(m) = -6*m + 3. Suppose -2*x + 5 = -1. Determine b(x).
-15
Let b be 0 - 3 - 1*-3. Let n(q) = -2*q**2 + 4*q - 5. Let g(d) = -7 - 3*d**2 + 12*d - 5*d - 7 + 3. Let f(h) = 3*g(h) - 5*n(h). Determine f(b).
-8
Let w(d) = -d**3 + 6*d**2 - 4*d - 2. Let y be w(5). Suppose -3*i = -8*i - 3*r - 10, y*i + r = -2. Let j(q) = -q**2 + 5*q + q + i - 2. Give j(5).
4
Let x(i) = -i**2 - 4*i + 7. Let n be x(-5). Let a(t) = -5*t**3 + 2*t + 1. Let m be a(-1). Let g(y) = -y**3 + m*y**n - 2*y + 0 + 4 + 2. Give g(4).
-2
Suppose 26*i - 33*i - 35 = 0. Let j(l) = -l + 7. Give j(i).
12
Let v be (-1)/(-4)*0 + -1. Let f(d) = -3*d. Give f(v).
3
Let o(i) = i**2 - 5*i + 2. Let b be o(5). Let r = -8 + b. Let s(a) = -a**2 - 5*a. Calculate s(r).
-6
Let y be -1*3*1/(-1). Suppose y*r = 6, 4 = -2*k - r - 2. Let v(n) = 2*n - 3. Determine v(k).
-11
Let s be (2 + (-21)/6)*-8. Let l be (4/s)/(1/21). Suppose 0 = 4*y - n - l, 5*n = 2*y + 3*n - 8. Let t(a) = a**2 - 1. Give t(y).
0
Let a be (-2)/(2/1) + 1. Suppose 2*g - g = a. Let f(z) be the second derivative of -z**4/12 - z**3/6 + z**2/2 + 4*z. Give f(g).
1
Let s(v) = -14*v**3 + v**2 - v. Suppose -j = -5 + 4. Calculate s(j).
-14
Let d(k) be the second derivative of -k**3/2 - 3*k**2 - 23*k. What is d(-4)?
6
Let k(a) = a**3 + 4*a**2 - 21*a - 1. Let i be k(-7). Let m(j) = j - 1. Determine m(i).
-2
Let q be (3 + -2)*48/12. Let j(y) be the first derivative of y**2/2 + 3*y - 1. Give j(q).
7
Let p(k) = -k + 8. Let c(m) = m**3 - m**2. Let j be c(0). Give p(j).
8
Let l be 3/(-6) - 5/(-2). Let n(m) = 3 + 3 + 3*m**2 - 8 - l*m - 4*m**2. Calculate n(-3).
-5
Let b(w) = 3*w + 1. Let s be 2/5 + 390/25. Let o = 22 - s. Let v(z) = -z**3 + 5*z**2 + 6*z - 1. Let h be v(o). Determine b(h).
-2
Let x be 4/6 - 150/(-18). Let w be 1/(3/x*3). Let l(r) = r**3 - r**2 + r. What is l(w)?
1
Let k(j) = j + 3. Suppose z = -0*z - 6. Determine k(z).
-3
Let z(x) = -x**3 - 4*x**2 + x - 1. Let m = 42 - 28. Suppose 10 = t + m. What is z(t)?
-5
Let l = -3 + 6. Suppose 6*t = 2*t + 4*w - 8, 24 = -3*t - l*w. Let i(m) = -10*m + 2*m + 7*m - 5. What is i(t)?
0
Let m = -4 + 2. Let x(n) be the first derivative of -n**3 - 29*n**2/2 - 20*n - 3. Let y(z) = -z**2 - 10*z - 7. Let s(w) = -6*x(w) + 17*y(w). Determine s(m).
-3
Let f(r) = 6*r + 0*r**2 + r**2 + 0*r**2 + 1 - r. What is f(-5)?
1
Let j = 1 + 0. Let k(l) be the second derivative of -l**4/6 - l**3/3 + l**2/2 + 8*l. Determine k(j).
-3
Let f(b) = b**3 + 7*b**2 + 3. Let k be (-7)/(-3)*9/(-3). Calculate f(k).
3
Let c = -51 - -52. Let k(x) = -x**3 + x**2 - x + 1. Let w(s) = 0*s + 6*s**3 + s - 4*s**3. Let h(v) = c*k(v) + w(v). What is h(0)?
1
Let d be 15/10*24/(-9). Let k(j) = j**2 + 2*j - 3. Let r(b) = 4*b**2 - 4*b - 2*b**2 - 4*b**2 + 6. Let u(v) = -7*k(v) - 3*r(v). What is u(d)?
-5
Let m(o) = 23*o - 22*o + o**3 - o**2 + 6 + 2. Suppose 3*g - 5*x - 20 = 0, -3*x = 2*g - 0*x + 12. Calculate m(g).
8
Let t(m) = 17*m**2 - 21*m. Let a(q) = 8*q**2 - 10*q. Let s(f) = -13*a(f) + 6*t(f). Determine s(3).
-6
Let v(a) be the first derivative of a**2/2 + 5*a - 3. Calculate v(-6).
-1
Suppose -m - 2*m + 27 = 3*s, s - 1 = m. Suppose -g - 10 = -4*y - 0, 0 = 2*y - 3*g - 10. Let j(k) = -3*k + 4*k - k**y + 0*k. Calculate j(m).
-12
Suppose 6*j = j + 15. Suppose 0 = -b - 3*b + 8, j*v - 2*b + 13 = 0. Let h(y) be the first derivative of y**2/2 + 3*y + 1. Give h(v).
0
Let t(v) = -v + 7. Let n(f) = -f - 10. Let p be n(-14). Suppose i + 4*j = 4*i - 10, p*i = j + 22. Give t(i).
1
Let q(c) = c**3 - 2*c**2 + 5*c - 2. Let g(d) = -2*d**3 - d**2 - d + 1. Let b(s) = g(s) + q(s). Let f(x) = -4*x. Let u be f(1). Give b(u).
-1
Let g(h) = -2*h + 4 - 5*h**3 + 7*h - 4*h**2 + 0*h - 5. Let w(k) = -k**3 + k - 1. Let v(z) = -g(z) + 6*w(z). Give v(4).
-1
Let s(k) = -2*k**3 - 2*k + k**2 - k - 1 + k**3 + 2*k. Let o(r) = 4*r**3 + 2*r**2 + 5*r + 5. Let d(t) = o(t) + 3*s(t). Calculate d(-5).
-8
Let a(p) = -2*p**2 - 11*p. Let k(s) = s - 1. Let h(y) = a(y) + 4*k(y). Determine h(-5).
-19
Let m(y) = -y**3 + 5*y**2 - 3*y - 3. Suppose -2*p + 3*p = 3. What is m(p)?
6
Let j(u) be the first derivative of u**4/24 - u**3/6 - u**2/2 - 2. Let b(i) be the second derivative of j(i). Calculate b(-1).
-2
Let b(o) = -o**3 + 7*o**2 - 7*o - 1. Let x(k) = -2*k**2 - 10*k - 2. Let y be x(-4). What is b(y)?
-7
Let r be ((-192)/20)/4 - 12/(-30). Let q(m) = -m**2 - 2*m - 2. Calculate q(r).
-2
Let c be 5/(-3)*(-4 - -1). Suppose -1 = 4*p - c. Let z(d) = -4*d**2 + d - 1. Determine z(p).
-4
Let a = 7 + -3. Let t(d) = a*d - 2*d - 2*d + d. Calculate t(4).
4
Let s(d) = -d + 8. Let o(g) = -g + 9. Let r(t) = -2*o(t) + 3*s(t). Suppose -4*x + x + 6 = 3*c, 10 = 3*x + c. What is r(x)?
2
Let v(o) be the second derivative of o**3/6 + 20*o. What is v(5)?
5
Let s(y) = -y**3 - 4*y**2 + 2. Let x(w) be the second derivative of -w**3/6 + 6*w**2 + 3*w. Let f be x(7). Let n be (-19)/f - (-2)/(-10). What is s(n)?
2
Let c = -6 + 1. Let a(u) = 0 - u**2 + u - 3*u - 3*u + 5. Give a(c).
5
Suppose 0 = -2*w - 0 + 8. Suppose 2*n - 28 = -w*h - 0, 4*n = 2*h + 6. Let z(m) = 0*m**3 - m**3 - 4*m**2 + h*m + 0*m**3. Calculate z(-5).
0
Let y = -1 - -3. Let t(m) = 5*m**3 + 3*m**y - 4 - 4*m**3 - 2*m**3 + 7*m + m**2. Calculate t(5).
6
Let l(n) be the second derivative of -n**3/6 - n**2/2 + 4*n. What is l(-4)?
3
Suppose 0 = 4*i - 0*i - 8. Let o(q) = -5 - i*q - 1 + 4. What is o(2)?
-6
Let w = -8 + 10. Let i be 1 - 2/(2/(-7)). Let v(o) = -2 + o + 0*o - i*o**2 + 3*o**3 + 7*o**2 - 2*o**3. Determine v(w).
4
Let r(z) = -2 + 3 + 1 + 4 - 4*z + z**2. Let l be r(4). Let g(a) = l - a - 1 - 6. Give g(1).
-2
Let u(r) = r + 5. Let f be u(0). Suppose -f*w + 21 + 4 = 0. Let d(i) = -i**2 - 5*i + 3 - w + i**2 - i**2. What is d(-4)?
2
Let g be (-9)/(-3) - (2 + -3). Let m be 1/g + (-132)/(-48). Let y(q) = -2*q**2 + 4*q**2 - 4*q - q**2 + 1. Determine y(m).
-2
Suppose -f - 3 = -2*f. Let j(p) = -4 + 3*p**2 + f*p**3 - 4*p**3 + 0*p + p - 2*p**2. Determine j(0).
-4
Suppose -p + 2*l = -0*l + 13, 16 = 4*l. Let b(o) = o + 2 + 3 + 0. Let t(f) = f + 5. Let i(z) = -3*b(z) + 2*t(z). Give i(p).
0
Let h(n) = 2*n - 10 + 16 - 5. Determine h(3).
7
Let o(p) = -4*p**2 - 5*p + 1. Let a(g) = g**2 - 1. Let f(h) = -3*a(h) - o(h). Let n be ((-6)/8)/(1/4). What is f(n)?
-4
Let n(r) = -r. Let x = -2 + 4. Suppose -x*a + 3*a = -4*v + 2, 1 = a + 3*v. Let z be (a + 8)*3/9. Calculate n(z).
-2
Let v(q) = q**3 + 6*q**2 - q + 1. Let f(j) = j**3 + 7*j**2 - j. Let s(p) = -p**2 + 11*p + 6. Let d be s(11). Let x(m) = d*v(m) - 5*f(m). Determine x(0).
6
Let w(n) = 3*n**2 - 4*n**2 + 5*n + 4*n**2 - 4 - 2*n**2. What is w(-5)?
-4
Let v be 1/1*(1 - -1). Let n be 150/35 - v/7. Let u be (-26)/(-22) - n/22. Let w(s) = -2*s**2 + s. What is w(u)?
-1
Let l = 11 + 7. Suppose -3*q + 0 = -l. Let m(g) = -g + 1. Give m(q).
-5
Let y(m) = -7*m**2 - 8*m + 3. Let h(i) = -11*i**2 - 12*i + 5. Let s(w) = 5*h(w) - 8*y(w). Let d(f) = -f + 1. Let t = -3 - -6. Let k be d(t). Give s(k).
-3
Let x(o) be the second derivative of -o**4/4 + 2*o**3/3 - o**2 - 2*o. Give x(3).
-17
Suppose -5*n + 8*n - 12 = 0. Suppose -2*p + n = 2*d - 0, d - 1 = 0. Let k(h) = p + h - h - 4*h + 3*h. Determine k(